r - 4*k, -2*k - k = -r + 15. Calculate the greatest common divisor of r and 27.
9
Suppose -c + 17 = z - 29, -40 = -c - 4*z. Let q(s) = -s + 12. Let h be q(0). Calculate the greatest common factor of h and c.
12
Let d be 1/(-2)*12/(-3). Suppose r = -r + d*j + 120, -2*r = -4*j - 130. Calculate the greatest common factor of 22 and r.
11
Suppose 112 = -5*p + 13*p. What is the greatest common factor of 98 and p?
14
Let g be (-6 - (-12)/4) + 33. Calculate the greatest common divisor of 15 and g.
15
Let k(b) = -11*b - 4 + 3 - 3. Let c be k(3). Let z = c - -56. What is the greatest common divisor of 171 and z?
19
Suppose -2*r - 247 = -2*m - 43, 0 = 4*r - 8. What is the highest common divisor of 13 and m?
13
Suppose -4 = -3*k + 2. Suppose 4 + k = 2*x. Calculate the greatest common divisor of x and 24.
3
Let x(p) = 5*p**2 - 3. Let w be x(-3). Calculate the highest common divisor of w and 378.
42
Let p = 137 - 81. What is the greatest common divisor of 7 and p?
7
Let f be ((-5)/(-3))/(2/42). Suppose -i = -5*v + 6, -2*v - 86 = -5*i - 6*v. Calculate the highest common factor of f and i.
7
Let n(q) = 3 + 4 + 7*q**2 - 3 - 3. Let b be n(-1). Calculate the greatest common divisor of b and 24.
8
Let r(l) = 0*l + 26*l**3 - 4*l**3 + l + 2. Let k be r(2). What is the highest common divisor of 20 and k?
20
Let a(o) = -7*o + 16. Let q(z) = -13*z + 31. Let w(h) = -11*a(h) + 6*q(h). Let n be w(5). Let s = n + 0. What is the highest common divisor of 20 and s?
5
Suppose -4*l - 2*w + 89 = -3*w, -w - 68 = -3*l. Calculate the greatest common divisor of l and 3.
3
Let i = 16 - 9. Suppose 1 + i = 2*r. What is the greatest common factor of 44 and r?
4
Let f(w) = 11*w + 12. Let o be f(12). Calculate the greatest common divisor of 16 and o.
16
Let h(n) = -9 - 2*n**2 + 15*n + 7*n**2 + 4*n**2 + n**3 - 4*n. Let g be h(-7). Calculate the greatest common factor of g and 48.
12
Let p = -63 - -75. What is the greatest common divisor of p and 24?
12
Suppose -2*r + 24 + 2 = 0. Calculate the highest common factor of r and 39.
13
Let l be 2/(-12) - (-2102)/12. Suppose 9*r - 4*r - l = 0. Suppose 3*w = -2*w + r. Calculate the greatest common divisor of w and 21.
7
Let v = 5 - -14. Calculate the greatest common factor of 266 and v.
19
Let g(w) = -9*w + 3. Let q be g(-4). Suppose -5*n + 33 = 5*s - 32, -q = -3*s - n. Suppose -8*l = -s*l + 140. Calculate the greatest common divisor of l and 7.
7
Suppose 325 = 10*k - 5*k. What is the greatest common divisor of 13 and k?
13
Let z be (-2)/(-11) + (-23400)/(-44). Let m be z/36 + (-4)/(-18). Let d be -204*(-2 + m/12). Calculate the highest common divisor of 17 and d.
17
Let j be ((-50)/(-4))/5*16. What is the greatest common factor of 10 and j?
10
Let d(v) = -v - 2. Let u be d(-4). Let w(b) = -b**3 + b + 2. Let g be w(u). Let h = g - -8. Calculate the greatest common divisor of 44 and h.
4
Suppose 0 = 3*g + g - 28. Let l be -3 - (0/(-1) - 2). Let i be (77/(-28))/(l/28). What is the greatest common divisor of i and g?
7
Suppose 0 = -0*i + 3*i + u - 72, 0 = 3*i - 5*u - 54. Let j = -43 + i. Let f be j/(-3)*(-15)/(-10). Calculate the highest common divisor of f and 10.
10
Let w be 1 + 0 + 1 - 1. Let q(l) = -6*l + 2. Let t be q(-1). What is the greatest common factor of w and t?
1
Let d(u) = -u**2 - 3*u + 5. Let n be d(-5). Let v = n - 0. Let h(w) = -2*w + 7. Let a be h(v). Calculate the highest common factor of a and 68.
17
Let p be 13 - (-1)/(-5 - -4). Let o = 14 - p. Calculate the greatest common divisor of 2 and o.
2
Let q(k) = 11*k**2 + k - 2. Let i be q(3). Suppose 57*a - 47*a - 400 = 0. What is the greatest common factor of i and a?
20
Let v = 6 + -3. Suppose -29 = -5*y + 3*f, 11 + 16 = v*y - 5*f. Suppose 4*i + 148 = y*r, -2*r + 27 + 45 = -i. What is the greatest common divisor of r and 7?
7
Let l be -2*2/(-6)*12. Let z = 32 - l. What is the highest common divisor of 60 and z?
12
Let z be ((-10)/15 - 2/(-3)) + 27. Calculate the greatest common divisor of z and 108.
27
Let x = 18 + 10. Suppose -2*y = 2*y - x. Calculate the greatest common factor of 7 and y.
7
Let h be 16/(0 + 1 - 0). Suppose 0 = 4*y, -w + 6*w + 140 = -4*y. Let l = 12 - w. What is the greatest common divisor of l and h?
8
Let b = 83 + 14. Suppose 0 = -2*g, b = p + 5*g + 17. What is the greatest common divisor of 20 and p?
20
Suppose -2*q = -q + 9. Let d = -4 - q. Calculate the highest common factor of d and 2.
1
Suppose 4*c = 2*h + 802, -3*c - 2*h = -5*h - 609. Calculate the highest common factor of 18 and c.
18
Suppose 0 = a + 5*i + 56, -4*i + 126 = -2*a - 7*i. Let o be (9/(-2))/(3/a). Calculate the highest common factor of 9 and o.
9
Let a = -4 - -5. Let w = -1 - 1. Let x be (0 - -2)/w + 12. Calculate the highest common divisor of x and a.
1
Suppose -4*l + 19 = -77. Suppose 3*j = 12, r = 5*j - 9 - 5. Calculate the highest common factor of r and l.
6
Let q(m) = -m**2 - 7*m - 2. Let o be q(-6). Suppose 2*h - 30 = -r, -120 = -0*r - 4*r - o*h. What is the greatest common divisor of 12 and r?
6
Let o be (12/(-8))/(2/(-20)). Suppose -4 = -m + 5*m. Let c = 4 + m. Calculate the highest common divisor of o and c.
3
Suppose -3 = -i - 2, -3*i = 3*o - 48. Let n(q) = 18*q**2 + 3. Let s be n(-3). Calculate the greatest common divisor of s and o.
15
Suppose -5*y = 10*y - 360. Calculate the greatest common factor of 72 and y.
24
Suppose 4*d = 115 + 5. Calculate the highest common divisor of 10 and d.
10
Let r = -73 - -103. Calculate the highest common factor of 50 and r.
10
Suppose -v - 3*l = 51, -2*l + 289 = -5*v - 0*l. Let c = -33 - v. What is the highest common divisor of 16 and c?
8
Suppose n = 15 + 9. Calculate the highest common factor of n and 36.
12
Suppose 3*a - c - 216 = 0, -4*a - 5*c + 288 = -4*c. Let s = 7 + 2. Calculate the greatest common factor of s and a.
9
Let d(z) = z**2 + z - 2. Let o(f) = -2*f + 8. Let c be o(6). Let r be d(c). Let x = -13 + 23. What is the greatest common divisor of x and r?
10
Let q(o) = 24*o**2. Let w be q(-1). Suppose -3*a + 28 = 2*l + 3*l, a + 2*l - 8 = 0. Calculate the greatest common factor of w and a.
8
Let c = 4 + -3. Let w(g) = g**3 - 4*g**2 - 4*g - 4. Let s be w(5). What is the highest common divisor of s and c?
1
Let c(d) = d**2 + 10*d - 21. Let m be c(-12). Calculate the greatest common divisor of 24 and m.
3
Let r be (-1)/(-2)*8 - 12. Let c = 1 - r. Let p = -16 + 34. Calculate the highest common divisor of p and c.
9
Suppose -4*l - 4*i + 56 = 0, -5*l + 5*i + 137 = 27. What is the highest common divisor of l and 6?
6
Let u = -8 - -8. Suppose 4*o + u*o - 283 = 5*c, -o = 5*c - 102. What is the greatest common divisor of o and 11?
11
Let d be 0*(-3)/(-6)*2. Suppose 3*h + c - 30 = 0, 2*c + 3 = -d*h + h. Suppose x + 0*x - 4*b = 23, h = -3*b. What is the highest common divisor of x and 55?
11
Let f(o) = 3*o + 7. Let m(p) = 4*p + 6. Let b(w) = -2*f(w) + 3*m(w). Let n be b(3). What is the highest common factor of 11 and n?
11
Let j be (2/6)/((-5)/(-30)). Let s be (j - -1)/((-9)/(-21)). Let d = -43 + 64. Calculate the highest common factor of s and d.
7
Suppose 4*y - t + 0*t = 92, 0 = -4*t - 16. What is the greatest common divisor of y and 55?
11
Suppose -5*m + 261 + 169 = -2*v, -2*v + 410 = 5*m. Let d(f) = -f**3 + 6*f**2 - 7*f + 6. Let p be d(3). Calculate the highest common divisor of m and p.
12
Let i be 8/(-24) - 182/(-6). Suppose 5*y = 2*y + i. Let x = -2 + y. Calculate the highest common factor of 1 and x.
1
Let a = 28 - -35. Let h = a + -21. What is the highest common factor of h and 105?
21
Suppose -q - 80 = -4*q + 5*j, -5*q + 160 = -3*j. Suppose 4*f - 5*f = -2. Let l be (0 - (-2)/f) + q. Calculate the highest common divisor of l and 4.
4
Let l = 16 - 2. Let i = l - 10. Calculate the greatest common factor of 8 and i.
4
Suppose -h - i = 4*i - 4, -3*i = 0. Suppose 5 = 2*y + 3*y. Let f be (0 - 2)/(y/(-3)). Calculate the highest common factor of f and h.
2
Let d(q) = -9*q**3 + 5*q + 2. Let g be d(-2). What is the greatest common divisor of 4 and g?
4
Suppose 2*h - 5*h + 6 = 0. What is the greatest common factor of h and 2?
2
Let v(s) = 172*s - 3. Let k be v(2). What is the highest common divisor of k and 31?
31
Suppose 4*n - 122 = -2*o, 2*o - 35 = -4*n + 3*n. Let i be n - (1 + -5 + 3). What is the highest common divisor of 20 and i?
10
Suppose -